).
3
Let q(l) = -5*l + 2. Let u(i) = -6*i - 9*i**3 + 8*i**3 + 73 - 61 - 9*i**2. Let h be u(-8). Determine q(h).
22
Let z(u) = -u**3 + 6*u**2 + 57*u - 336. Let q be z(6). Let d(c) = -4*c + 51. What is d(q)?
27
Let z be 3*2 - (0 + -1). Let d(k) = 4*k + 0*k - 214*k**2 + k + 213*k**2 - 3 + 3*k. Give d(z).
4
Let u(v) = -v - 7. Let t = -168 - -170. Suppose h + 15 = -3*m + 2*h, t*h + 6 = 0. Determine u(m).
-1
Let z be 195/(-21) - 8/(-28). Let m = z + 13. Let i be 2 - (-4)/(0 + m). Let p(b) = -b**2 - 3. What is p(i)?
-12
Let x be (-14 - -8) + 1*4. Let i(m) = -7 + 16 + 3*m + m**2 - 7 + 1. Calculate i(x).
1
Let z(k) = 6*k + 5. Let a(r) be the second derivative of -5*r**3/6 - 5*r**2/2 + 66*r. Let f(s) = -7*a(s) - 6*z(s). What is f(-5)?
10
Let g(s) be the second derivative of 3*s**2 + 34*s - 2 + s**3 - 1/12*s**4. What is g(5)?
11
Let n(k) = -2*k. Let j(z) = -3*z - 13. Suppose 5*p - 6 + 11 = 0. Let c(y) = p*n(y) + j(y). Calculate c(10).
-23
Suppose 3*l = 15, 2*l = 3*c - 10 + 29. Let m(x) = -2*x**2 + 6*x - 1. Let y(d) = 3*d**2 - 11*d + 3. Let q(v) = c*y(v) - 5*m(v). Give q(-5).
6
Let a be (-18)/9*4/(24/(-21)). Suppose 2*l + 3*w = a*w - 2, 5*w = -5*l + 40. Let j(f) be the second derivative of -f**4/12 + f**3/3 + 2*f**2 - f. What is j(l)?
-11
Let b(j) be the second derivative of j**3/6 + 3*j**2 + 3*j - 78. Suppose 3*s - 8 = -v + 1, -3*v = 5*s - 11. Let c be (0 - v)*(-55)/(-33). Give b(c).
11
Let s(q) = q + 24. Let k(n) = 8*n + 100. Let f(t) = 2*k(t) - 10*s(t). Determine f(18).
68
Let w be -12 + -1 + 6 - (-2 - -11). Let t(u) = u**2 + 15*u - 38. Determine t(w).
-22
Let l(o) = -o - 13. Let h(t) = 2*t - 2. Let n(d) = 45*d - 124. Let g(z) = -4*h(z) + n(z). Let m be g(3). What is l(m)?
-8
Let b = 16599 + -16596. Let a(s) = 2*s**3 - 7*s**2 + 5*s - 7. Calculate a(b).
-1
Let d(y) = 2*y**2 + 7*y + 15. Let i = 7993 + -7997. Give d(i).
19
Suppose 0 = 5*l + 3*t + t + 32, -3*l = -3*t + 3. Let y(z) = -3*z - 1. Let p(m) = 4*m + 1. Let u = 20 + -27. Let c(v) = u*y(v) - 6*p(v). What is c(l)?
13
Let c(b) = -b**2 + b - 2. Let f = 27 + -23. Suppose 0*a - 2*a = -3*g - 2, f*g = -4*a + 24. Let q be g/(-7) - (-161)/49. Calculate c(q).
-8
Let i(w) = -7*w**2 + w + 7. Let m = 876 - 873. Determine i(m).
-53
Suppose 156 = -36*q + 49*q. Let z(m) = -3*m + 1. Determine z(q).
-35
Let z(y) = y - 7. Suppose 0 = -18*v + 23*v - 2*c - 58, 0 = 4*v - 4*c - 56. What is z(v)?
3
Let r(q) = 35*q**2 + 10*q + 27. Let y be r(12). Let i(x) = 2*x + y - 5187. Calculate i(-3).
-6
Let z = 32 - 43. Let v = 16 - 3. Let p = v + z. Let y(a) = a**3 - a**2 + 1. Give y(p).
5
Let r(g) = 4*g**3 + g**2 - 2*g - 2. Let i(m) = m**2 - 10*m - 13. Let f = 8 + -62. Let u = -43 - f. Let o be i(u). Determine r(o).
-26
Let l(y) = -y**3 - 7*y**2 + y - 2. Let z be l(-7). Let f(x) be the third derivative of x**6/120 + 3*x**5/20 - x**4/12 - 7*x**3/6 - 6825*x**2. Calculate f(z).
11
Suppose -22439 + 6941 = 42*p. Let m = p - -373. Let q(f) = -1 - 3*f**2 - 4 - 2*f + 10 + f**3. Give q(m).
13
Let o(w) = 3*w. Suppose 26*b - 447 = 47. Give o(b).
57
Let h(s) be the third derivative of 4*s**4/3 + s**3/6 - s**2 + 2246. What is h(-1)?
-31
Let g(h) = -h**3 + 10*h**2 - 3*h + 31. Let c be g(9). Let k(u) = -1 + 8*u - 2 - 87*u**3 + 6*u**2 - c*u**3 + 173*u**3 - 1. Give k(-4).
-4
Let a(u) = 2*u**2 + 24*u. Let h be a(-12). Let r(d) = -6*d**2 - 3*d - 7*d + h*d**2 + 10 + 7*d**2. Give r(9).
1
Let i(a) = -a**3 - 5*a**2 + 8*a - 2. Suppose -3*o + 10 = 2*o, -5*n + 9 = 2*o. Suppose 0 = v + 3 + n. Let f be -2 + -5 - v/4. Give i(f).
-14
Let c(r) be the second derivative of r**5/20 + 7*r**4/6 - 17*r**3/3 - 23*r**2/2 - 454*r. Determine c(-16).
9
Let k = -19770 - -19772. Let c(l) = 7*l - 8. Let b(v) = -7*v + 9. Let x(a) = -5*b(a) - 6*c(a). Determine x(k).
-11
Let y(k) be the first derivative of 7*k**3/3 - k**2/2 + 2*k - 5500. Determine y(3).
62
Let r(m) = m**2 + 7*m - 1. Let z(q) = -q**3 - 7*q**2 - 11*q - 1. Let f be z(-5). Suppose -2*l + f*l = 4. Suppose l*o + 12 + 0 = 0. Calculate r(o).
-7
Let r(f) = 13*f + 1. Suppose -3*d = -7*d - 12. Let q(m) = 7*m**2 + 7*m - 11. Let y(v) = -v**2 - v + 1. Let t(n) = -q(n) - 6*y(n). Let g be t(d). Give r(g).
-12
Let q(l) = l - 8. Let a = 1465 - 1453. Determine q(a).
4
Let p(h) = 1 + 8*h + 2*h - 3*h**2 + 4*h**2. Suppose -z = -5*m + 124 - 162, -6*z - 36 = 3*m. What is p(m)?
-15
Let o(l) be the second derivative of 1/6*l**3 + 0 + 3*l + 3/2*l**2. Let p = -590 + 585. Determine o(p).
-2
Let t(u) be the third derivative of -u**6/120 - u**5/5 + 7*u**4/12 + 29*u**3/6 + 8*u**2 + 82. What is t(-13)?
16
Let s(a) = -24*a**3 - 73*a**2 - 13*a - 43. Let w(g) = 13*g**3 + 37*g**2 + 7*g + 21. Let b(n) = -6*s(n) - 11*w(n). Calculate b(-31).
-4
Let i = -23124 - -23134. Let g(n) = n**3 - 9*n**2 - 10*n - 17. What is g(i)?
-17
Let t(l) = 1128*l**2 - 1127*l**2 - 27*l + 15 + 5 + 5. Give t(26).
-1
Suppose 3*b = -0*c - 3*c + 63, 3*c - 9 = 0. Suppose b = -5*u + 3*f, -4*u - 3*f + 0 = 9. Let j(q) = 4*q**2 + 3. Calculate j(u).
39
Let p = 8 - -6. Let i(o) = -p*o - 5*o + 33*o - 5*o. Suppose -4*h = -h - 3. Calculate i(h).
9
Let q(g) = -g - 2. Let h(f) = 9*f + 149 - 139 + 2*f. Let j(t) = -h(t) - 6*q(t). Let a be (-4)/(-1)*8/16. Calculate j(a).
-8
Let h(s) = s - 11. Suppose -155*g - 20 = -151*g. What is h(g)?
-16
Let g(k) = 3*k - 22. Let b = -186 + 188. Let f be 4/b - ((-10)/5 - 6). What is g(f)?
8
Let r(v) = 318*v + 1902. Let q be r(-6). Let k(a) = a**3 + 7*a**2 + 6*a - 10. Determine k(q).
-10
Let l = -57 - -64. Let c = l + -9. Let z(r) = r**2 + r + 1. What is z(c)?
3
Let m(n) = -3*n**2 - 36*n - 21. Let z(q) = 4*q**2 + 38*q + 12. Let u(p) = -3*m(p) - 2*z(p). Give u(-30).
-21
Let y(g) = -g**2 + 9*g - 44. Let q be y(0). Let i(h) = 7*h + 3. Let w be i(-6). Let x = q - w. Let u(p) = p**2 + 4*p - 3. Determine u(x).
2
Let m(t) = 1. Let u(i) = i**3 + 18*i**2 - 17*i + 42. Let j(x) = -3*m(x) - u(x). Let c be j(-19). Let w(a) = 4*a + 10. What is w(c)?
-18
Let d be 30/(-4 - (-11)/2). Suppose a + d = 15. Let j be a/(-10)*(3 - -1). Let u(l) = 2*l**3 - 3*l**2 + 2*l - 3. Calculate u(j).
5
Let h(d) = d + 14. Suppose 2*a = -5*p - 21, 5*a + 56*p + 96 = 58*p. Give h(a).
-4
Let q(m) = -5*m**3 - 8*m**2 + 13*m - 1. Let z(o) = -3*o**3 - 4*o**2 + 7*o. Let t(y) = -4*q(y) + 7*z(y). Let g be 2/1 - 7/((-42)/6). What is t(g)?
4
Let t be ((-80)/(-72))/((-2)/(-9)). Let j(y) = -2*y**3 + 12*y**2 - 9*y - 16. Calculate j(t).
-11
Let r = -100 - -121. Let n(x) = 7 + x**2 + r*x - 23*x + 12*x. What is n(-9)?
-2
Suppose u = -4*y + 9, 2*u - 3 - 8 = -y. Suppose -9*j + 6*j + 52 = 4*q, -76 = -4*j - 4*q. Let m(t) = 0*t**2 - t - t**2 - 27 + j + t**3 + u*t**2. Give m(-4).
1
Let m(l) = 7816*l + 1 - 31259*l + 7812*l - 7*l**3 + 7801*l + 7813*l + 120*l**2. Calculate m(17).
1
Let p(k) = k**3 + 12*k**2 + 8*k - 24. Let l be p(-11). Let i(j) = 2*j**2 - 17*j - 32. Let u(s) = s**2 - 9*s - 18. Let c(g) = 3*i(g) - 5*u(g). Calculate c(l).
21
Let l(c) be the second derivative of c**3/6 - 17*c**2/2 + 36*c - 42. Let z be (2/4*0)/(-2). Determine l(z).
-17
Let a(p) = -p**2 - 6*p + 89. Let d be a(-13). Let z(y) = -10 - 2 + 16*y**2 - 4 - 5*y. Let g(t) = -3*t**2 + t + 3. Let x(s) = -33*g(s) - 6*z(s). Determine x(d).
15
Suppose 4*m - i - 110 = 0, -m + 120 = 3*m + 4*i. Suppose -m = -124*a + 120*a. Let s(w) be the first derivative of -w**3/3 + 7*w**2/2 + 2*w + 17. What is s(a)?
2
Let i(b) = 8*b - 35. Let m(h) = 5*h - 23. Let p(r) = 3*i(r) - 4*m(r). What is p(3)?
-1
Let f(j) = j**2 - 15. Let v = 9 - 3. Let u(h) = -16 - 7*h + h**2 - 7*h + 15*h + 0*h. Let b(p) = v*f(p) - 5*u(p). What is b(8)?
14
Let f(b) = 7*b**3 - 15*b**2 - 18*b - 55. Let v(h) = 9*h**3 - 20*h**2 - 24*h - 72. Let d(a) = -13*f(a) + 10*v(a). Give d(-3).
-5
Let j(i) = -i + 1. Suppose -2*r - 1 + 65 = 0. Suppose -4*m - 2*a = 2*a - r, -3*a = -4*m + 60. Suppose y + y = m. Calculate j(y).
-5
Suppose 0 = -79*v - 1765 + 1054. Let h(j) = 1. Let g(f) = -3*f - 20. Let z(c) = g(c) - 6*h(c). Give z(v).
1
Let g = -9 - -6. Suppose 21 = w - 0*w - 3*p, -3*w + 2*p = -42. Let c be (4*12/32)/(g/w). Let m(f) = -f**3 - 6*f**2 - 4. Calculate m(c).
-4
Let a = -1 - -18. Let u(y) = 9*y + 7. Let k(b) = -28*b - 20. Let h(f) = a*u(f) + 6*k(f). Suppose 0 = 5*t + 5*q - 30, 25*q - 23*q = 2*t + 4. Determine h(t).
-31
Let l(x) = -x - 1. Let g(s) = -12*s - 27. Let o be g(-3). Suppose 11*u - o*u + 2 = 0,